28
Let a(k) = -2*k + 2*k**3 + 4*k - 4 - k**3 - 10*k**2 + 9*k. Let x be a(9). Suppose -o - 140 = -3*o. What is the highest common divisor of x and o?
14
Suppose -s = 4*j - 24, -3*s + 2*j - j + 137 = 0. Calculate the greatest common divisor of s and 22.
22
Suppose -2*r = -24 - 20. Suppose 5*h - 40 = 4*p + p, -4*h - p = -r. Calculate the highest common divisor of h and 18.
6
Let l be 0/1 - (129 - 0). Let h = l - -201. Calculate the greatest common factor of h and 8.
8
Let o = -19 - -33. Calculate the highest common divisor of o and 42.
14
Let u = 2 + -2. Suppose 9*b - 4*b - 175 = u. Let w = 12 - -2. What is the highest common divisor of b and w?
7
Let d be (-18)/(-12) - (-1)/(-2). Let z be -1 - (1 - (d - -16)). Let o(y) = -6*y**3 + 2*y + 1. Let c be o(-1). What is the greatest common divisor of z and c?
5
Suppose 0 = 96*x - 97*x + 56. Calculate the greatest common divisor of x and 56.
56
Let d(b) = -b**2 + 5*b + 16. Let p be d(7). Calculate the highest common factor of 18 and p.
2
Suppose -25 = -3*i + 29. What is the highest common divisor of i and 198?
18
Let i(j) = -j**3 - 5*j**2 - j + 1. Let s be i(-5). Suppose -s = m - 26. Let n = 22 - 12. Calculate the highest common factor of n and m.
10
Let l(t) = -t**2 - t. Let w be l(-1). Let r(h) be the first derivative of -h**2/2 + 72*h - 1. Let a be r(w). What is the greatest common divisor of 8 and a?
8
Suppose -5*p = -3*d + 124, -23 = -d + p - 3*p. Calculate the greatest common divisor of 3 and d.
3
Let b be 55*((-2 - 0) + 3). Suppose 2*i = -3*k + 76, 2*k - i = -0*i + 39. Let r = 0 + k. Calculate the highest common divisor of b and r.
11
Let w(v) = v**3 - v**2 + v + 27. Let d be w(0). What is the greatest common factor of d and 9?
9
Let x = -79 + 119. What is the highest common divisor of x and 8?
8
Let u = -22 - -48. What is the highest common divisor of 65 and u?
13
Let p be (162/(-24))/(9/(-24)). What is the highest common factor of 72 and p?
18
Suppose -2*p - 51 = -3*h, h + 0*p + 3*p - 6 = 0. Calculate the highest common factor of 3 and h.
3
Let g(k) = k + 16. Let d be g(-11). Suppose -h + 4*h - 4*v - 85 = 0, -2*v - 25 = -h. Calculate the greatest common factor of h and d.
5
Suppose 5*o + 16 = 4*y - 35, -o = 3*y - 43. What is the highest common factor of 21 and y?
7
Let b(v) = -2*v - 8. Let l be b(-10). What is the highest common divisor of l and 6?
6
Let x be (2 - -1) + (-3 - -3). Let d be (x/5)/(3/75). Calculate the greatest common factor of 15 and d.
15
Suppose -5 = -2*o + 7. Let n = 13 - o. What is the highest common factor of n and 7?
7
Suppose -2*x + 22 = -2*w, 0 = -2*w + w - 5*x + 19. Let d be w/(-2) + (-8 - -33). Calculate the highest common divisor of d and 7.
7
Let c be (3*-1 - -2)*-4. Let u = c + 6. Let v be 1 + -1 + 1*50. Calculate the greatest common factor of v and u.
10
Let c = 5 + -6. Let o be (-13)/((1/c)/2). What is the highest common divisor of o and 52?
26
Suppose f + 0*f = 40. Let j be (0 - 21/(-6))*16. Suppose 4*d - j = -h, -340 + 99 = -4*h + d. Calculate the greatest common divisor of f and h.
20
Suppose u = -u + 54. Calculate the highest common divisor of 3 and u.
3
Let p = -20 + 28. Suppose -p*b + 20 = -3*b. Calculate the greatest common divisor of 36 and b.
4
Let a be 1 - 0 - (-1)/1. Let c be (-16)/32 + 55/a. Calculate the highest common factor of c and 189.
27
Let q be (-20)/(-8)*22/5. Let f = q + -7. Calculate the highest common divisor of 8 and f.
4
Let y = 683 - 419. What is the greatest common factor of y and 24?
24
Suppose -i + 6 = -0*i. Suppose -h + 4*n = 12, n + 2*n - i = 0. Let v be (56/(-5))/(h/20). What is the highest common divisor of 8 and v?
8
Let n be -1 + 213*(-4)/(-12). Calculate the greatest common divisor of 28 and n.
14
Suppose g = 0, 0 = -s - g - 0 - 1. Let w be -1 + 5 - s/(-1). Suppose -w*p + 17 = 4*n - 9*n, -2*n = 3*p - 31. What is the highest common factor of p and 6?
3
Suppose -4*x - 35 = -5*m - 10, 15 = 3*m - 4*x. Suppose -2*r - 2*a = -22, m*r - 13 = 4*r + a. What is the highest common factor of 24 and r?
12
Let a be -2 + 9 + (-8)/4. What is the greatest common divisor of a and 55?
5
Let r(t) = t**3 + 13*t**2 - 3*t - 33. Let z be r(-13). What is the greatest common divisor of z and 3?
3
Let f = 20 - 20. Let o be (-27)/(-3) + -3 + f. Let x = -7 + 19. Calculate the greatest common divisor of o and x.
6
Let k be 18/8*(-112)/(-6). Let i = 46 + k. Let o = 41 + -33. What is the highest common divisor of o and i?
8
Let k(n) = -2*n**2 + 9*n - 6. Let v be k(7). Let h be 12/10*150/2. Let r = v + h. What is the greatest common divisor of 7 and r?
7
Let f be 14/3 + 6/(-9). Suppose -f*w - 3*t - 5 = 26, -3*w - 20 = -t. Let b(i) = i + 14. Let a be b(w). What is the greatest common divisor of a and 63?
7
Let v(r) = r**3 + 14*r**2 - 17*r - 12. Let w be v(-15). Calculate the greatest common factor of 72 and w.
18
Let n(u) = u**2 + 4*u. Let m be n(-6). Calculate the highest common factor of m and 6.
6
Suppose -5*k + 178 + 152 = 0. Let o = k + -46. What is the highest common factor of 8 and o?
4
Let v = 120 - 65. Let p(t) = -6*t**3 - 2*t**2 + 1. Suppose 0*n - 2 = 2*n. Let u be p(n). What is the greatest common divisor of u and v?
5
Suppose 4*t = 17*t - 52. Calculate the greatest common divisor of 32 and t.
4
Suppose -10*y = -7*y - 225. What is the highest common factor of y and 30?
15
Let u(l) be the third derivative of l**5/60 - l**4/6 - 2*l**3/3 - 2*l**2. Let n be u(5). Calculate the greatest common factor of n and 1.
1
Let f be 2/7 + 19/7. Suppose -f*l = l + 16. Let j be (2/l)/(2/(-276)). What is the greatest common divisor of 23 and j?
23
Suppose 0 = -6*l + l + 15, -b + 3*l + 21 = 0. Suppose -5*v + 20 = 4*q - 42, -3*v + q = -27. What is the greatest common factor of b and v?
10
Let f(u) = u**2 - 5*u + 18. Let z be f(6). Calculate the greatest common divisor of 24 and z.
24
Let v(c) = -11*c + 9. Let x = -7 + 2. Let f be v(x). What is the greatest common divisor of f and 8?
8
Suppose 0*w = -4*p + 2*w + 114, 2*p = 4*w + 48. Calculate the highest common divisor of p and 240.
30
Let t(s) = 4*s**2 - 7*s + 4. Let q be t(4). Calculate the highest common factor of 8 and q.
8
Suppose 0 = 5*z - 3 - 17. Calculate the greatest common divisor of 16 and z.
4
Suppose -4*b + 1 = -19. Calculate the highest common factor of 5 and b.
5
Let l be 63/12 - 3/12. Let t be 139/l + 10/50. What is the highest common factor of t and 14?
14
Suppose 3*z - 38 - 19 = 0. Suppose -3*q - 4 = -z. What is the highest common factor of 20 and q?
5
Let f be (72/10)/((-10)/(-150)*3). What is the greatest common factor of f and 6?
6
Let v = -33 + 55. Let x be v/4 - (-4)/(-8). Calculate the greatest common factor of 25 and x.
5
Let b = -20 - -24. Calculate the greatest common divisor of 16 and b.
4
Let g be (2 + 2 - 1) + (-105)/(-5). Calculate the highest common factor of g and 24.
24
Let j = 46 - -42. What is the greatest common divisor of j and 8?
8
Let i be (3/1 - 3)/(-1). Suppose i = -3*c + 3 + 3, -c = -3*s + 22. What is the highest common factor of 8 and s?
8
Let v(s) = 2*s**2 - 10*s + 37. Let m be v(7). What is the highest common factor of m and 13?
13
Let x(g) = g**3 + 5*g**2 - 2*g - 6. Let j be x(-5). Suppose -3*o - 112 = -j*o. Let w be ((-3)/2)/(21/(-224)). Calculate the highest common divisor of w and o.
16
Let z = 4 + -2. Suppose -5*t + 40 = 5*u, -u + 7 = z*t - 6. Calculate the highest common factor of u and 21.
3
Suppose -4*s + 13 = -11. What is the highest common divisor of 42 and s?
6
Suppose -s + 3*s - 6 = 0. Suppose -6 = -3*r, -w - s*r + 5 = -9. What is the highest common factor of 32 and w?
8
Let v(y) = 3*y**2 + 3*y. Let n be (-1)/(-2*1/(-4)). Let j be v(n). Let o be 5/(-2)*(0 - j). What is the greatest common factor of 30 and o?
15
Let f = -262 + 438. Let x be 9/6*(-264)/(-18). What is the highest common factor of f and x?
22
Suppose 36 = 14*i - 132. Let a = 46 - -14. Calculate the greatest common factor of i and a.
12
Let d be -1*-6*1*2. Suppose 0 = -2*y + 3*t + 84, 0 = -t - 4*t - 20. What is the greatest common factor of d and y?
12
Suppose -14 = 2*p - 90. Suppose 0 = -n + p + 81. Calculate the highest common factor of n and 17.
17
Let g(x) = 6*x + 8. Let z be g(3). Calculate the greatest common factor of 13 and z.
13
Suppose -24 = -41*l + 40*l. What is the highest common factor